+ 9*c**2 - 6*c + 12. Let n be x(-9). Let o(a) = -7*a**3 + 9 - 12 + 8*a**3 + n. What are the prime factors of o(0)?
3, 7
Let h = 82 + -76. Suppose 88 = 4*v - a, 3*a - 72 = h*v - 10*v. List the prime factors of v.
3, 7
Suppose -8*w = -3*w + 4*u - 31, -2*w = u - 10. Suppose 3*p - w = 2*y - 11, p - 4*y + 16 = 0. Suppose q - 36 - 102 = p. What are the prime factors of q?
2, 3, 23
Suppose -4*h = 8, -4*t = -h - 2*h - 26. Let x(m) = 3*m**3 + 7*m**2 - 15*m + 16. List the prime factors of x(t).
491
Suppose 0 = i - 6*i + 45. Let l be (-3)/i - 8/(-6). List the prime factors of 4 - (2 + -39)/l.
41
List the prime factors of (-360)/14*((-1 - 9) + (-3680)/24).
2, 3, 5, 7
What are the prime factors of 15/2*63/((-3780)/(-196120))?
5, 4903
Suppose -g + 3 - 1 = 0. Let a be (g + 0)*18/4. Suppose j + a*j = 890. What are the prime factors of j?
89
Let c(g) = -g**3 + 6*g**2 - 3*g + 1. Let w(q) = 4*q**2 - 2*q + 1. Suppose 0 = 4*s + 4 + 16, -2*m - 2*s = 8. Let k be w(m). List the prime factors of c(k).
19
Let p(n) = 56*n**3 + n**2 + 41*n - 216. What are the prime factors of p(6)?
2, 3, 2027
Suppose -1780 = -4*z - c + 1645, -3*z = 4*c - 2572. Suppose 131 + z = 3*f. Suppose -4*l - f = -11*l. What are the prime factors of l?
47
Let t be 1*(4 - 4 - -3). Suppose 2*l - 4 = 0, -6 = t*i + 2*l - 5*l. Suppose -5*o - 5*d + 455 = i, -o = 2*o - 5*d - 289. List the prime factors of o.
3, 31
Suppose 242*s = 473*s - 238*s + 465437. List the prime factors of s.
66491
Suppose 244618 + 445175 = 17*x + 195994. What are the prime factors of x?
31, 937
Suppose 2*r - 20 - 25 = -i, 4*r = -5*i + 81. Suppose r = -3*g - g. What are the prime factors of (2/g)/(2/(-228)) + 3?
41
Suppose -8*n + 0*n + 5528 = -49192. What are the prime factors of n?
2, 3, 5, 19
Suppose 0 = -4*l + b + 12, -9*b = 4*l - 7*b. Let z be (15/25)/((-2)/(-10)). Suppose 160 = l*s + 3*i, -2*s + 4*i = z*i - 152. List the prime factors of s.
7, 11
Let b(g) = -4*g**2 - 9*g + 53. Let x be b(5). Let s be 471*(-3)/(-9) - 0. Let m = s + x. What are the prime factors of m?
5, 13
Suppose -2*m + 5430 = 13*m. Let y = -586 + m. Let s = y - -398. What are the prime factors of s?
2, 3, 29
Let w = -92 + 92. What are the prime factors of ((-96)/10 - w)*(-135)/2?
2, 3
Let u = 51 - 52. Let l(v) = -6*v**2 - 3*v + 2. Let y(o) = o - 1. Let f(j) = u*l(j) - 5*y(j). List the prime factors of f(4).
7, 13
Suppose 3*v = -2*y + 14, -3*y = 2*v - 8 + 2. Suppose 39 = v*i - 87. Let b = 43 - i. What are the prime factors of b?
2, 11
Let u be (-164)/328 + 2/(8/1982). Suppose 15*y - 24*y + u = 0. List the prime factors of y.
5, 11
Suppose -2447232 = -53*y - 603627. List the prime factors of y.
3, 5, 773
Let w(z) = -z**2 - 4*z + 12. Let k be w(-6). Let b be (k - 3)*(-4)/6 + 814. Let g = b + -574. List the prime factors of g.
2, 11
Let y(k) = -252*k - 1. Let z be y(-7). Suppose -2*d + 4*x + 395 = -297, 5*d = -x + z. List the prime factors of d.
2, 11
Suppose 0 = -5*t + 384 + 226. Let k = 536 - t. Suppose 0 = 2*h + h - k. What are the prime factors of h?
2, 3, 23
List the prime factors of (232/(-24) - -8) + 256315/15.
2, 8543
Suppose -24*d - 62*d + 119*d - 38247 = 0. List the prime factors of d.
19, 61
Let u(y) = -703*y + 6332. What are the prime factors of u(-14)?
2, 8087
Suppose 20*t - 2431 + 731 = 0. List the prime factors of 2/((-20)/t)*-70.
5, 7, 17
Suppose 3*q = 3*n - 7*n + 5354, -4013 = -3*n - q. Let x = n - 851. List the prime factors of x.
2, 3
Let t(l) = -10*l**3 - 3. Let s be t(-2). Let g = s - -24. Suppose -r - 84 = -3*u, -4*u - 2*r + g = -7*r. What are the prime factors of u?
29
Let f = -39 + 62. Suppose -5*y + f = 3. Suppose n - 4*s = 1, y*n + 4*s - 3 = 41. What are the prime factors of n?
3
Let n be -213*(-1 - (-9)/27). Suppose -n*u = -122*u - 14880. List the prime factors of u.
2, 3, 31
Suppose -73*n + 596885 = 30*n. What are the prime factors of n?
5, 19, 61
Suppose 0 = 27*o - 2112 - 1020. Let l = 59 - 105. Let z = o + l. What are the prime factors of z?
2, 5, 7
Let h be (-520)/(-13) + (-1 - -1). Let d be (-2)/8 - (-40570)/h. Suppose -7*m - 314 + d = 0. What are the prime factors of m?
2, 5
Let r(f) = 27*f**3 - f**2 - 6*f + 8. Suppose -3*b = 4*m - 14, 3*m + 12 = 4*m + 5*b. List the prime factors of r(m).
2, 13
Suppose 4*p - 619 = -5*o + 5*p, -4*o + 493 = -3*p. Suppose -4*r - o = -4*z, 0 = -3*r + z + 4*z - 103. Let n = r - -37. List the prime factors of n.
11
Let v = -2628 - -42766. List the prime factors of v.
2, 7, 47, 61
Let a be ((-3)/(-3))/(9 - 8). Suppose 3*t - 5 = -u - a, -4*t = -u + 4. Suppose 0*s = -4*s - 2*d + 154, t = -3*s + 5*d + 109. List the prime factors of s.
2, 19
Let i be (0 - -3)/((-9)/6). Let y be (i*(-6)/(-5))/((-6)/45). List the prime factors of 4/y - ((-5464)/(-18))/(-2).
2, 19
Suppose -16*m + 34*m - 292248 = 0. Suppose 0 = 28*j - 10*j - m. What are the prime factors of j?
2, 11, 41
Let t be ((-110)/4)/((-7)/252). Suppose 6*m - t = -4*m. Suppose 3*r - 108 = m. List the prime factors of r.
3, 23
Let x = -325 + 334. What are the prime factors of (-1224)/x*-5 - 0?
2, 5, 17
Suppose 2*f + 2*r + 207 - 1691 = 0, f + 5*r = 726. Let p = f - 517. List the prime factors of p.
229
Let h(g) = 12*g + 17. Suppose -o = -3*v + o - 28, 4*v = 5*o - 49. Let w be (22/v - -4)*(38 - 2). List the prime factors of h(w).
7, 23
Let a be 8/(-6) + 2 + (-47270)/(-87). Suppose 0 = -6*n - 178 + a. What are the prime factors of n?
61
Let w(i) = 187*i**2 + 116*i + 98. What are the prime factors of w(-14)?
2, 7, 13, 193
Let t(v) = -356*v + 2276. List the prime factors of t(-4).
2, 5, 37
Let q(i) = 83*i**2 + 14*i + 31. Let v be q(-3). Let b = 122 + v. What are the prime factors of b?
2, 3, 11, 13
Suppose -2*y - 3 = 3*d - 7, y + 3*d = 2. List the prime factors of 1/y*1718 - -2 - 1.
2, 5, 43
Suppose 3*v - x - 4*x = 839, v + 5*x = 273. Let s be v/4 - 10/(-20). List the prime factors of s - 2 - 2*-2.
2, 3
Suppose 5*v - 19 + 9 = 0. Suppose 0*t - v*t = z - 441, -2*t = 2*z - 436. Let h = 391 - t. List the prime factors of h.
2, 3, 7
Let i be (-210)/(-20)*6/9. Let x(y) = 16*y**2 + 13*y - 2. What are the prime factors of x(i)?
3, 97
Suppose 76*k = 81*k + 20. Let c be (4 + (k - (-295)/(-2)))*-2. Let z = -150 + c. What are the prime factors of z?
5, 29
Let f(q) = q**3 - q**2 + q. Let o(n) = 327*n**3 - 12*n**2 + 12*n. Let a(c) = -22*f(c) + 2*o(c). What are the prime factors of a(1)?
2, 79
Let f be 8410/18 + (-32)/144. Let j = f + -260. List the prime factors of j.
3, 23
List the prime factors of (-877648)/((-1824)/48) + (-8)/(-1 - 0).
2, 19
What are the prime factors of ((-1365)/(-35))/((-3)/(-1174) + 0/(-3))?
2, 13, 587
Let z(n) = 805*n**2 - 72*n + 1. What are the prime factors of z(-3)?
2, 7, 13, 41
Let d be (0 - 0) + 9*12. Suppose -5 = -37*b + 38*b, -2*v = b - 17. Suppose d = v*l - 123. List the prime factors of l.
3, 7
Let l(a) = -13*a**3 - 31*a**2 + 38*a + 35. List the prime factors of l(-10).
3, 5, 7, 13
List the prime factors of 8/(64/3256)*5*(11 - 2).
3, 5, 11, 37
Let i be 78/3*(-2 - -3). Suppose 173 = 3*o - 5*f - i, 5*f + 325 = 5*o. Suppose -35 = a - o. List the prime factors of a.
2, 7
Let c(h) = 6*h**2 - 7*h - 1. Suppose 4*f + 4*q = -24, -4*f - 3*q = 5 + 20. Let x be c(f). Suppose x = 4*t - 5*u, -10 + 0 = -5*u. List the prime factors of t.
2, 11
Suppose -143*z = -122*z - 180264. What are the prime factors of z?
2, 29, 37
Suppose 4*r = 4*i - 68, 5*i - 24 = -4*r + 16. Suppose -3 = o + 4*n - 15, 0 = 2*o + 4*n - i. Suppose 3*d - 1038 + 180 = o. List the prime factors of d.
2, 11, 13
Suppose 0 = 12*x + 11*x - 11*x - 25944. What are the prime factors of x?
2, 23, 47
Let q = -51 + 50. What are the prime factors of q/(-2) - 7008/(-64)?
2, 5, 11
Let i be (-656)/(-1)*(-6)/(-12). Let c = i - -385. List the prime factors of c.
23, 31
Let x = 3051 - 2723. What are the prime factors of x?
2, 41
Let m = 310 + -298. Suppose 0 = y + 5*j - 95, 0 = 6*j - 3*j - m. What are the prime factors of y?
3, 5
List the prime factors of 3170711/92 - 5/20.
2, 3, 359
Suppose 0 = 4*g - 4*r + 20, 2*g + 2*r = -r. Suppose l + u - 149 = -48, -111 = -l - 3*u. List the prime factors of l - (-6 + 12)*(-1)/g.
2, 47
Suppose 386*y - 3105408 = 258*y. List the prime factors of y.
3, 8087
List the prime factors of 67/((-6700)/989160)*(-25)/15.
2, 8243
List the prime factors of 24664*(0 + 12/48).
2, 3083